{"id":1356,"date":"2021-02-11T11:45:58","date_gmt":"2021-02-11T10:45:58","guid":{"rendered":"https:\/\/www.arts-yoga.com\/?page_id=1356"},"modified":"2021-02-11T11:54:52","modified_gmt":"2021-02-11T10:54:52","slug":"seance-de-yoga-en-ligne","status":"publish","type":"page","link":"https:\/\/www.arts-yoga.com\/index.php\/seance-de-yoga-en-ligne\/","title":{"rendered":"Yoga en ligne"},"content":{"rendered":"\n<p>Voici le lancement de la cha\u00eene de Yoga en ligne arts- yoga sur Youtube.<\/p>\n\n\n\n<p>Pour l&rsquo;instant les vid\u00e9os sont priv\u00e9es et accessibles via un mot de passe dans la rubrique \u00ab\u00a0videos\u00a0\u00bb ci-dessous.<\/p>\n\n\n\n<p>Tr\u00e8s prochainement ces vid\u00e9os deviendront publiques.<\/p>\n\n\n\n<p>Je vous souhaite une excellente pratique !<\/p>\n\n\n\n\n\n<figure class=\"wp-block-embed is-type-video is-provider-youtube wp-block-embed-youtube wp-embed-aspect-16-9 wp-has-aspect-ratio\"><div class=\"wp-block-embed__wrapper\">\n<iframe loading=\"lazy\" title=\"Bienvenue sur la cha\u00eene  arts-yoga\" width=\"960\" height=\"540\" src=\"https:\/\/www.youtube.com\/embed\/34XEOx6mtBM?feature=oembed\" frameborder=\"0\" allow=\"accelerometer; autoplay; clipboard-write; encrypted-media; gyroscope; picture-in-picture\" allowfullscreen><\/iframe>\n<\/div><\/figure>\n","protected":false},"excerpt":{"rendered":"<p>Voici le lancement de la cha\u00eene de Yoga en ligne arts- yoga sur Youtube. Pour l&rsquo;instant les vid\u00e9os sont priv\u00e9es et accessibles via un mot de passe dans la rubrique \u00ab\u00a0videos\u00a0\u00bb ci-dessous. Tr\u00e8s prochainement ces vid\u00e9os deviendront publiques. Je vous souhaite une excellente pratique !<\/p>\n","protected":false},"author":1,"featured_media":0,"parent":0,"menu_order":0,"comment_status":"closed","ping_status":"closed","template":"","meta":{"footnotes":""},"class_list":["post-1356","page","type-page","status-publish","hentry"],"yoast_head":"<!-- This site is optimized with the Yoast SEO plugin v27.5 - https:\/\/yoast.com\/product\/yoast-seo-wordpress\/ -->\n<title>Yoga en ligne - Arts-Yoga<\/title>\n<meta name=\"robots\" content=\"index, follow, max-snippet:-1, max-image-preview:large, max-video-preview:-1\" \/>\n<link rel=\"canonical\" href=\"https:\/\/www.arts-yoga.com\/index.php\/seance-de-yoga-en-ligne\/\" \/>\n<meta property=\"og:locale\" content=\"fr_FR\" \/>\n<meta property=\"og:type\" content=\"article\" \/>\n<meta property=\"og:title\" content=\"Yoga en ligne - Arts-Yoga\" \/>\n<meta property=\"og:description\" content=\"Voici le lancement de la cha\u00eene de Yoga en ligne arts- yoga sur Youtube. Pour l&rsquo;instant les vid\u00e9os sont priv\u00e9es et accessibles via un mot de passe dans la rubrique \u00ab\u00a0videos\u00a0\u00bb ci-dessous. Tr\u00e8s prochainement ces vid\u00e9os deviendront publiques. Je vous souhaite une excellente pratique !\" \/>\n<meta property=\"og:url\" content=\"https:\/\/www.arts-yoga.com\/index.php\/seance-de-yoga-en-ligne\/\" \/>\n<meta property=\"og:site_name\" content=\"Arts-Yoga\" \/>\n<meta property=\"article:publisher\" content=\"https:\/\/www.facebook.com\/stageartsyoga\/\" \/>\n<meta property=\"article:modified_time\" content=\"2021-02-11T10:54:52+00:00\" \/>\n<meta name=\"twitter:card\" content=\"summary_large_image\" \/>\n<meta name=\"twitter:label1\" content=\"Dur\u00e9e de lecture estim\u00e9e\" \/>\n\t<meta name=\"twitter:data1\" content=\"1 minute\" \/>\n<script type=\"application\/ld+json\" class=\"yoast-schema-graph\">{\"@context\":\"https:\\\/\\\/schema.org\",\"@graph\":[{\"@type\":\"WebPage\",\"@id\":\"https:\\\/\\\/www.arts-yoga.com\\\/index.php\\\/seance-de-yoga-en-ligne\\\/\",\"url\":\"https:\\\/\\\/www.arts-yoga.com\\\/index.php\\\/seance-de-yoga-en-ligne\\\/\",\"name\":\"Yoga en ligne - Arts-Yoga\",\"isPartOf\":{\"@id\":\"https:\\\/\\\/www.arts-yoga.com\\\/#website\"},\"datePublished\":\"2021-02-11T10:45:58+00:00\",\"dateModified\":\"2021-02-11T10:54:52+00:00\",\"breadcrumb\":{\"@id\":\"https:\\\/\\\/www.arts-yoga.com\\\/index.php\\\/seance-de-yoga-en-ligne\\\/#breadcrumb\"},\"inLanguage\":\"fr-FR\",\"potentialAction\":[{\"@type\":\"ReadAction\",\"target\":[\"https:\\\/\\\/www.arts-yoga.com\\\/index.php\\\/seance-de-yoga-en-ligne\\\/\"]}]},{\"@type\":\"BreadcrumbList\",\"@id\":\"https:\\\/\\\/www.arts-yoga.com\\\/index.php\\\/seance-de-yoga-en-ligne\\\/#breadcrumb\",\"itemListElement\":[{\"@type\":\"ListItem\",\"position\":1,\"name\":\"Home\",\"item\":\"https:\\\/\\\/www.arts-yoga.com\\\/\"},{\"@type\":\"ListItem\",\"position\":2,\"name\":\"Yoga en ligne\"}]},{\"@type\":\"WebSite\",\"@id\":\"https:\\\/\\\/www.arts-yoga.com\\\/#website\",\"url\":\"https:\\\/\\\/www.arts-yoga.com\\\/\",\"name\":\"ARTS-YOGA\",\"description\":\"Stages et retraites Art &amp; Yoga\",\"publisher\":{\"@id\":\"https:\\\/\\\/www.arts-yoga.com\\\/#organization\"},\"potentialAction\":[{\"@type\":\"SearchAction\",\"target\":{\"@type\":\"EntryPoint\",\"urlTemplate\":\"https:\\\/\\\/www.arts-yoga.com\\\/?s={search_term_string}\"},\"query-input\":{\"@type\":\"PropertyValueSpecification\",\"valueRequired\":true,\"valueName\":\"search_term_string\"}}],\"inLanguage\":\"fr-FR\"},{\"@type\":\"Organization\",\"@id\":\"https:\\\/\\\/www.arts-yoga.com\\\/#organization\",\"name\":\"arts yoga\",\"url\":\"https:\\\/\\\/www.arts-yoga.com\\\/\",\"logo\":{\"@type\":\"ImageObject\",\"inLanguage\":\"fr-FR\",\"@id\":\"https:\\\/\\\/www.arts-yoga.com\\\/#\\\/schema\\\/logo\\\/image\\\/\",\"url\":\"https:\\\/\\\/www.arts-yoga.com\\\/wp-content\\\/uploads\\\/2017\\\/10\\\/cropped-cropped-om-41993_1280-2.png\",\"contentUrl\":\"https:\\\/\\\/www.arts-yoga.com\\\/wp-content\\\/uploads\\\/2017\\\/10\\\/cropped-cropped-om-41993_1280-2.png\",\"width\":249,\"height\":250,\"caption\":\"arts yoga\"},\"image\":{\"@id\":\"https:\\\/\\\/www.arts-yoga.com\\\/#\\\/schema\\\/logo\\\/image\\\/\"},\"sameAs\":[\"https:\\\/\\\/www.facebook.com\\\/stageartsyoga\\\/\",\"https:\\\/\\\/instagram.com\\\/arts.yoga\"]}]}<\/script>\n<!-- \/ Yoast SEO plugin. -->","yoast_head_json":{"title":"Yoga en ligne - Arts-Yoga","robots":{"index":"index","follow":"follow","max-snippet":"max-snippet:-1","max-image-preview":"max-image-preview:large","max-video-preview":"max-video-preview:-1"},"canonical":"https:\/\/www.arts-yoga.com\/index.php\/seance-de-yoga-en-ligne\/","og_locale":"fr_FR","og_type":"article","og_title":"Yoga en ligne - Arts-Yoga","og_description":"Voici le lancement de la cha\u00eene de Yoga en ligne arts- yoga sur Youtube. Pour l&rsquo;instant les vid\u00e9os sont priv\u00e9es et accessibles via un mot de passe dans la rubrique \u00ab\u00a0videos\u00a0\u00bb ci-dessous. Tr\u00e8s prochainement ces vid\u00e9os deviendront publiques. Je vous souhaite une excellente pratique !","og_url":"https:\/\/www.arts-yoga.com\/index.php\/seance-de-yoga-en-ligne\/","og_site_name":"Arts-Yoga","article_publisher":"https:\/\/www.facebook.com\/stageartsyoga\/","article_modified_time":"2021-02-11T10:54:52+00:00","twitter_card":"summary_large_image","twitter_misc":{"Dur\u00e9e de lecture estim\u00e9e":"1 minute"},"schema":{"@context":"https:\/\/schema.org","@graph":[{"@type":"WebPage","@id":"https:\/\/www.arts-yoga.com\/index.php\/seance-de-yoga-en-ligne\/","url":"https:\/\/www.arts-yoga.com\/index.php\/seance-de-yoga-en-ligne\/","name":"Yoga en ligne - Arts-Yoga","isPartOf":{"@id":"https:\/\/www.arts-yoga.com\/#website"},"datePublished":"2021-02-11T10:45:58+00:00","dateModified":"2021-02-11T10:54:52+00:00","breadcrumb":{"@id":"https:\/\/www.arts-yoga.com\/index.php\/seance-de-yoga-en-ligne\/#breadcrumb"},"inLanguage":"fr-FR","potentialAction":[{"@type":"ReadAction","target":["https:\/\/www.arts-yoga.com\/index.php\/seance-de-yoga-en-ligne\/"]}]},{"@type":"BreadcrumbList","@id":"https:\/\/www.arts-yoga.com\/index.php\/seance-de-yoga-en-ligne\/#breadcrumb","itemListElement":[{"@type":"ListItem","position":1,"name":"Home","item":"https:\/\/www.arts-yoga.com\/"},{"@type":"ListItem","position":2,"name":"Yoga en ligne"}]},{"@type":"WebSite","@id":"https:\/\/www.arts-yoga.com\/#website","url":"https:\/\/www.arts-yoga.com\/","name":"ARTS-YOGA","description":"Stages et retraites Art &amp; Yoga","publisher":{"@id":"https:\/\/www.arts-yoga.com\/#organization"},"potentialAction":[{"@type":"SearchAction","target":{"@type":"EntryPoint","urlTemplate":"https:\/\/www.arts-yoga.com\/?s={search_term_string}"},"query-input":{"@type":"PropertyValueSpecification","valueRequired":true,"valueName":"search_term_string"}}],"inLanguage":"fr-FR"},{"@type":"Organization","@id":"https:\/\/www.arts-yoga.com\/#organization","name":"arts yoga","url":"https:\/\/www.arts-yoga.com\/","logo":{"@type":"ImageObject","inLanguage":"fr-FR","@id":"https:\/\/www.arts-yoga.com\/#\/schema\/logo\/image\/","url":"https:\/\/www.arts-yoga.com\/wp-content\/uploads\/2017\/10\/cropped-cropped-om-41993_1280-2.png","contentUrl":"https:\/\/www.arts-yoga.com\/wp-content\/uploads\/2017\/10\/cropped-cropped-om-41993_1280-2.png","width":249,"height":250,"caption":"arts yoga"},"image":{"@id":"https:\/\/www.arts-yoga.com\/#\/schema\/logo\/image\/"},"sameAs":["https:\/\/www.facebook.com\/stageartsyoga\/","https:\/\/instagram.com\/arts.yoga"]}]}},"_links":{"self":[{"href":"https:\/\/www.arts-yoga.com\/index.php\/wp-json\/wp\/v2\/pages\/1356","targetHints":{"allow":["GET"]}}],"collection":[{"href":"https:\/\/www.arts-yoga.com\/index.php\/wp-json\/wp\/v2\/pages"}],"about":[{"href":"https:\/\/www.arts-yoga.com\/index.php\/wp-json\/wp\/v2\/types\/page"}],"author":[{"embeddable":true,"href":"https:\/\/www.arts-yoga.com\/index.php\/wp-json\/wp\/v2\/users\/1"}],"replies":[{"embeddable":true,"href":"https:\/\/www.arts-yoga.com\/index.php\/wp-json\/wp\/v2\/comments?post=1356"}],"version-history":[{"count":7,"href":"https:\/\/www.arts-yoga.com\/index.php\/wp-json\/wp\/v2\/pages\/1356\/revisions"}],"predecessor-version":[{"id":1759,"href":"https:\/\/www.arts-yoga.com\/index.php\/wp-json\/wp\/v2\/pages\/1356\/revisions\/1759"}],"wp:attachment":[{"href":"https:\/\/www.arts-yoga.com\/index.php\/wp-json\/wp\/v2\/media?parent=1356"}],"curies":[{"name":"wp","href":"https:\/\/api.w.org\/{rel}","templated":true}]}}